ommon divisor of 1125 and 90.
45
What is the greatest common factor of 48 and 14?
2
Calculate the highest common factor of 465 and 60.
15
Calculate the greatest common factor of 47 and 893.
47
What is the greatest common factor of 10 and 54?
2
What is the highest common divisor of 7857 and 12?
3
Calculate the greatest common divisor of 20837 and 622.
311
What is the highest common divisor of 1470 and 1274?
98
Calculate the greatest common factor of 176 and 1672.
88
What is the greatest common factor of 16 and 144?
16
Calculate the highest common factor of 272 and 79696.
272
Calculate the highest common divisor of 2940 and 35.
35
Calculate the greatest common factor of 64 and 9664.
64
What is the highest common factor of 824 and 40?
8
Calculate the highest common factor of 885 and 35.
5
What is the highest common divisor of 1268 and 4?
4
Calculate the greatest common divisor of 148 and 4.
4
Calculate the greatest common factor of 18 and 18.
18
Calculate the greatest common factor of 735 and 1176.
147
Calculate the highest common divisor of 624 and 1794.
78
Calculate the greatest common divisor of 2496 and 325.
13
Calculate the greatest common divisor of 112 and 742.
14
What is the highest common factor of 34 and 10?
2
Calculate the greatest common divisor of 1092 and 39.
39
What is the highest common factor of 18354 and 1610?
322
Calculate the greatest common factor of 4028 and 53.
53
What is the greatest common factor of 1760 and 110?
110
What is the greatest common divisor of 38 and 418?
38
Calculate the greatest common factor of 23 and 207.
23
Calculate the highest common factor of 1309 and 616.
77
Calculate the greatest common divisor of 4307 and 146.
73
What is the greatest common factor of 525 and 100?
25
What is the greatest common divisor of 36 and 84?
12
Calculate the greatest common factor of 2020 and 60.
20
What is the highest common divisor of 413 and 511?
7
Calculate the greatest common divisor of 144 and 64.
16
What is the greatest common factor of 1086 and 29684?
362
Calculate the highest common factor of 184 and 5750.
46
What is the greatest common divisor of 24 and 54?
6
What is the highest common divisor of 166 and 581?
83
What is the greatest common factor of 63 and 7?
7
What is the greatest common divisor of 7739 and 71?
71
What is the greatest common factor of 186 and 1550?
62
Calculate the greatest common divisor of 25 and 675.
25
Calculate the greatest common divisor of 14 and 707.
7
What is the greatest common factor of 35002 and 86?
86
What is the greatest common divisor of 1971 and 9?
9
What is the greatest common divisor of 2156 and 21?
7
Calculate the greatest common factor of 29 and 1624.
29
Calculate the greatest common factor of 30 and 80.
10
What is the greatest common factor of 9149 and 7?
7
What is the highest common divisor of 154 and 330?
22
What is the greatest common factor of 30 and 300?
30
Calculate the greatest common factor of 270 and 990.
90
What is the greatest common divisor of 406 and 174?
58
Calculate the greatest common divisor of 14 and 112.
14
Calculate the greatest common factor of 176 and 11.
11
What is the highest common divisor of 64 and 48?
16
Calculate the greatest common factor of 196 and 49.
49
What is the greatest common factor of 154 and 242?
22
Calculate the highest common divisor of 425 and 25.
25
Calculate the highest common factor of 5 and 65.
5
What is the greatest common divisor of 12105 and 30?
15
What is the greatest common divisor of 16 and 92?
4
What is the greatest common divisor of 7 and 1141?
7
What is the greatest common divisor of 732 and 12?
12
Calculate the greatest common divisor of 24 and 108.
12
What is the highest common factor of 9 and 225?
9
Calculate the highest common factor of 7378 and 102.
34
Calculate the greatest common divisor of 10 and 730.
10
What is the highest common divisor of 1648 and 103?
103
Calculate the highest common divisor of 1456 and 91.
91
Calculate the highest common factor of 112 and 532.
28
Calculate the greatest common divisor of 9 and 108.
9
What is the highest common factor of 66 and 17754?
66
Calculate the highest common factor of 14 and 3815.
7
Calculate the highest common divisor of 110 and 2090.
110
Calculate the greatest common factor of 15 and 1455.
15
Calculate the greatest common divisor of 1056 and 864.
96
Calculate the greatest common divisor of 253 and 11.
11
Calculate the highest common factor of 910 and 20.
10
What is the greatest common factor of 1248 and 1170?
78
What is the highest common divisor of 238 and 34?
34
What is the greatest common factor of 720 and 30?
30
What is the greatest common factor of 115 and 1955?
115
What is the greatest common factor of 91 and 104?
13
What is the highest common divisor of 4094 and 3382?
178
What is the greatest common divisor of 198 and 132?
66
What is the greatest common divisor of 242 and 19118?
242
What is the highest common factor of 21 and 75?
3
Calculate the greatest common divisor of 209 and 247.
19
What is the greatest common divisor of 434 and 84?
14
What is the greatest common factor of 105 and 27?
3
What is the greatest common factor of 396 and 1166?
22
Calculate the highest common factor of 615 and 15.
15
Calculate the greatest common divisor of 1826 and 66.
22
Calculate the highest common factor of 13 and 117.
13
What is the greatest common divisor of 1856 and 256?
64
Calculate the greatest common factor of 725 and 50.
25
What is the highest common divisor of 74 and 296?
74
Calculate the highest common factor of 128 and 10256.
16
What is the greatest common factor of 442 and 26?
26
Calculate the greatest common divisor of 550 and 176.
22
Calculate the greatest common divisor of 681 and 3.
3
Calculate the greatest common factor of 90 and 870.
30
Calculate the highest common factor of 130 and 90.
10
What is the greatest common divisor of 12 and 636?
12
What is the highest common divisor of 62755 and 385?
385
What is the highest common factor of 9632 and 14?
14
What is the highest common divisor of 7304 and 88?
88
Calculate the highest common divisor of 133 and 28.
7
What is the highest common divisor of 42 and 896?
14
Calculate the greatest common factor of 147 and 42.
21
What is the highest common factor of 748 and 119?
17
What is the highest common factor of 23 and 161?
23
What is the greatest common factor of 1157 and 39?
13
What is the highest common divisor of 4720 and 240?
80
What is the greatest common factor of 176 and 2948?
44
What is the highest common factor of 136 and 2104?
8
Calculate the greatest common factor of 11 and 1375.
11
What is the greatest common factor of 25 and 925?
25
What is the greatest common factor of 10800 and 90?
90
Calculate the greatest common divisor of 576 and 272.
16
What is the greatest common factor of 4600 and 368?
184
Calculate the highest common divisor of 14 and 63.
7
What is the highest common factor of 16 and 1328?
16
What is the highest common divisor of 16 and 176?
16
What is the greatest common factor of 540 and 60?
60
What is the highest common factor of 1118 and 344?
86
What is the greatest common divisor of 29 and 223?
1
What is the greatest common factor of 252 and 54?
18
Calculate the greatest common factor of 54 and 126.
18
What is the greatest common divisor of 64 and 4256?
32
Calculate the highest common factor of 234 and 261.
9
What is the greatest common factor of 738 and 1886?
82
What is the highest common divisor of 12 and 108?
12
What is the greatest common divisor of 16786 and 1078?
154
Calculate the highest common divisor of 208 and 273.
13
Calculate the highest common divisor of 715 and 165.
55
What is the highest common divisor of 288 and 128?
32
Calculate the highest common divisor of 378 and 10692.
54
What is the greatest common divisor of 55 and 3168?
11
What is the highest common factor of 4360 and 40?
40
What is the greatest common divisor of 72 and 88?
8
Calculate the greatest common divisor of 32526 and 234.
234
Calculate the highest common factor of 82 and 82.
82
What is the highest common factor of 15 and 85?
5
Calculate the highest common factor of 150 and 70.
10
What is the highest common factor of 50 and 4?
2
What is the greatest common factor of 84 and 1113?
21
Calculate the greatest comm